{"id":8565,"date":"2019-03-07T12:28:06","date_gmt":"2019-03-07T10:28:06","guid":{"rendered":"https:\/\/www.mostiskes.vilniausr.lm.lt\/?page_id=8565&#038;lang=lt"},"modified":"2022-10-20T13:36:52","modified_gmt":"2022-10-20T10:36:52","slug":"sportiskos-uzgavenes-ir-saldi-kaziuko-muge","status":"publish","type":"page","link":"https:\/\/www.mostiskes.vilniausr.lm.lt\/?page_id=8565","title":{"rendered":"Sporti\u0161kos u\u017egav\u0117n\u0117s ir saldi Kaziuko mug\u0117"},"content":{"rendered":"<p>[:lt]<span style=\"display: inline !important; float: none; background-color: #ffffff; color: #444444; cursor: text; font-family: Georgia,'Bitstream Charter',serif; font-size: 12px; font-style: normal; font-variant: normal; font-weight: 400; letter-spacing: normal; line-height: 1.5; orphans: 2; text-align: left; text-decoration: none; text-indent: 0px; text-transform: none; -webkit-text-stroke-width: 0px; white-space: normal; word-spacing: 0px;\">ngg_shortcode_0_placeholder<\/span>[:pl]ngg_shortcode_1_placeholder[:]<\/p>\n","protected":false},"excerpt":{"rendered":"<p>[:lt][:pl][:]<\/p>\n","protected":false},"author":1,"featured_media":0,"parent":7772,"menu_order":10,"comment_status":"closed","ping_status":"closed","template":"","meta":{"ngg_post_thumbnail":0,"footnotes":""},"class_list":["post-8565","page","type-page","status-publish","hentry"],"_links":{"self":[{"href":"https:\/\/www.mostiskes.vilniausr.lm.lt\/index.php?rest_route=\/wp\/v2\/pages\/8565","targetHints":{"allow":["GET"]}}],"collection":[{"href":"https:\/\/www.mostiskes.vilniausr.lm.lt\/index.php?rest_route=\/wp\/v2\/pages"}],"about":[{"href":"https:\/\/www.mostiskes.vilniausr.lm.lt\/index.php?rest_route=\/wp\/v2\/types\/page"}],"author":[{"embeddable":true,"href":"https:\/\/www.mostiskes.vilniausr.lm.lt\/index.php?rest_route=\/wp\/v2\/users\/1"}],"replies":[{"embeddable":true,"href":"https:\/\/www.mostiskes.vilniausr.lm.lt\/index.php?rest_route=%2Fwp%2Fv2%2Fcomments&post=8565"}],"version-history":[{"count":7,"href":"https:\/\/www.mostiskes.vilniausr.lm.lt\/index.php?rest_route=\/wp\/v2\/pages\/8565\/revisions"}],"predecessor-version":[{"id":10908,"href":"https:\/\/www.mostiskes.vilniausr.lm.lt\/index.php?rest_route=\/wp\/v2\/pages\/8565\/revisions\/10908"}],"up":[{"embeddable":true,"href":"https:\/\/www.mostiskes.vilniausr.lm.lt\/index.php?rest_route=\/wp\/v2\/pages\/7772"}],"wp:attachment":[{"href":"https:\/\/www.mostiskes.vilniausr.lm.lt\/index.php?rest_route=%2Fwp%2Fv2%2Fmedia&parent=8565"}],"curies":[{"name":"wp","href":"https:\/\/api.w.org\/{rel}","templated":true}]}}